{"id":3632,"date":"2008-09-19T08:01:24","date_gmt":"2008-09-19T06:01:24","guid":{"rendered":"http:\/\/henriksundstrom.se\/blog\/?page_id=3632"},"modified":"2018-02-06T11:04:04","modified_gmt":"2018-02-06T09:04:04","slug":"om","status":"publish","type":"page","link":"https:\/\/henriksundstrom.se\/blog\/om\/","title":{"rendered":"Om"},"content":{"rendered":"<p><img loading=\"lazy\" decoding=\"async\" class=\"size-full wp-image-3637 alignleft\" title=\"4_enmiljon\" src=\"http:\/\/henriksundstrom.se\/blog\/wp-content\/uploads\/4_enmiljon.jpg\" alt=\"4_enmiljon\" width=\"116\" height=\"190\" \/><\/p>\n<p><span class=\"small\">Detta \u00e4r Henrik Sundstr\u00f6ms personliga webbplats med lite tankar, bilder eller nyheter som uppdateras sporadiskt. Kommentera g\u00e4rna om du vill. Ta inte allt s\u00e5 allvarligt min v\u00e4n.<\/span><\/p>\n<p>Sidans inneh\u00e5ll \u00e4r i konstn\u00e4rligt och journalistiskt \u00e4ndam\u00e5l i enlighet med SFS 1998:204.<br \/>\n<span class=\"small\">Vad g\u00e4ller kommentarerna p\u00e5 denna webbsajt, s\u00e5 \u00e4r respektive upphovsr\u00e4ttsinnehavare ansvarig f\u00f6r dessa.<\/span><\/p>\n<blockquote>\n<div class=\"citat1\">We are all in the gutter, but some of us are looking at the stars.<br \/>\n&#8211; Oscar Wilde.<\/div>\n<\/blockquote>\n<h3><strong style=\"font-size: 1rem; line-height: 1;\">Kontakt:<\/strong><\/h3>\n\n<div class=\"wpcf7 no-js\" id=\"wpcf7-f5793-o1\" lang=\"sv-SE\" dir=\"ltr\" data-wpcf7-id=\"5793\">\n<div class=\"screen-reader-response\"><p role=\"status\" aria-live=\"polite\" aria-atomic=\"true\"><\/p> <ul><\/ul><\/div>\n<form action=\"\/blog\/wp-json\/wp\/v2\/pages\/3632#wpcf7-f5793-o1\" method=\"post\" class=\"wpcf7-form init\" aria-label=\"Kontaktformul\u00e4r\" novalidate=\"novalidate\" data-status=\"init\">\n<fieldset class=\"hidden-fields-container\"><input type=\"hidden\" name=\"_wpcf7\" value=\"5793\" \/><input type=\"hidden\" name=\"_wpcf7_version\" value=\"6.1.5\" \/><input type=\"hidden\" name=\"_wpcf7_locale\" value=\"sv_SE\" \/><input type=\"hidden\" name=\"_wpcf7_unit_tag\" value=\"wpcf7-f5793-o1\" \/><input type=\"hidden\" name=\"_wpcf7_container_post\" value=\"0\" \/><input type=\"hidden\" name=\"_wpcf7_posted_data_hash\" value=\"\" \/>\n<\/fieldset>\n<p>Ditt namn (obligatorisk)\n<\/p>\n<p><span class=\"wpcf7-form-control-wrap\" data-name=\"your-name\"><input size=\"40\" maxlength=\"400\" class=\"wpcf7-form-control wpcf7-text wpcf7-validates-as-required\" aria-required=\"true\" aria-invalid=\"false\" value=\"\" type=\"text\" name=\"your-name\" \/><\/span>\n<\/p>\n<p>Din epost (obligatorisk)\n<\/p>\n<p><span class=\"wpcf7-form-control-wrap\" data-name=\"your-email\"><input size=\"40\" maxlength=\"400\" class=\"wpcf7-form-control wpcf7-email wpcf7-validates-as-required wpcf7-text wpcf7-validates-as-email\" aria-required=\"true\" aria-invalid=\"false\" value=\"\" type=\"email\" name=\"your-email\" \/><\/span>\n<\/p>\n<p>\u00c4mne\n<\/p>\n<p><span class=\"wpcf7-form-control-wrap\" data-name=\"your-subject\"><input size=\"40\" maxlength=\"400\" class=\"wpcf7-form-control wpcf7-text\" aria-invalid=\"false\" value=\"\" type=\"text\" name=\"your-subject\" \/><\/span>\n<\/p>\n<p>Ditt meddelande\n<\/p>\n<p><span class=\"wpcf7-form-control-wrap\" data-name=\"your-message\"><textarea cols=\"40\" rows=\"10\" maxlength=\"2000\" class=\"wpcf7-form-control wpcf7-textarea\" aria-invalid=\"false\" name=\"your-message\"><\/textarea><\/span>\n<\/p>\n<p><span class=\"wpcf7-form-control-wrap\" data-name=\"quiz-979\"><label><span class=\"wpcf7-quiz-label\">1+1=?<\/span> <input size=\"40\" class=\"wpcf7-form-control wpcf7-quiz\" autocomplete=\"off\" aria-required=\"true\" aria-invalid=\"false\" type=\"text\" name=\"quiz-979\" \/><\/label><input type=\"hidden\" name=\"_wpcf7_quiz_answer_quiz-979\" value=\"e8d3459412ae50c1e36a98b93de69df1\" \/><\/span><\/\u00e5>\n<\/p>\n<p><input class=\"wpcf7-form-control wpcf7-submit has-spinner\" type=\"submit\" value=\"Skicka\" \/>\n<\/p><p style=\"display: none !important;\" class=\"akismet-fields-container\" data-prefix=\"_wpcf7_ak_\"><label>&#916;<textarea name=\"_wpcf7_ak_hp_textarea\" cols=\"45\" rows=\"8\" maxlength=\"100\"><\/textarea><\/label><input type=\"hidden\" id=\"ak_js_1\" name=\"_wpcf7_ak_js\" value=\"33\"\/><script>document.getElementById( \"ak_js_1\" ).setAttribute( \"value\", ( new Date() ).getTime() );<\/script><\/p><div class=\"wpcf7-response-output\" aria-hidden=\"true\"><\/div>\n<\/form>\n<\/div>\n\n<h3>Min\u00a0<a title=\"Henrik p\u00e5 LinkedIn!\" href=\"http:\/\/se.linkedin.com\/in\/henriksundstrom\/\">LinkedIn-sida<\/a><\/h3>\n<p>N\u00e5gra av mina \u00f6vriga webbsidor:<\/p>\n<ul>\n<li><a href=\"http:\/\/eleverna.se\/blog\" target=\"_blank\" rel=\"noopener\">Eleverna-bloggen<\/a><\/li>\n<li><a href=\"https:\/\/makeyourspace.se\" target=\"_blank\" rel=\"noopener\">Make Your Space &#8211; ekonomisk f\u00f6rening<\/a><\/li>\n<li><a href=\"http:\/\/eleverna.se\/TEAM\" target=\"_blank\" rel=\"noopener\">Elevernas l\u00e4rosajt<\/a><\/li>\n<li><a href=\"http:\/\/avreagera.se\" target=\"_blank\" rel=\"noopener\">Avreagera dig!<\/a><\/li>\n<li><a href=\"http:\/\/kosmosofi.se\" target=\"_blank\" rel=\"noopener\">T\u00e4nk STORT \ud83d\ude09<\/a><\/li>\n<\/ul>\n<p>Licensierat enligt Creative Commons:<\/p>\n<p><a href=\"http:\/\/creativecommons.org\/licenses\/by-sa\/3.0\/deed.sv\" rel=\"license\"><img decoding=\"async\" style=\"border-width: 0;\" src=\"http:\/\/i.creativecommons.org\/l\/by-sa\/3.0\/88x31.png\" alt=\"Creative Commons-licens\" \/><\/a><br \/>\nOriginalmaterial p\u00e5 denna webbplats <a href=\"http:\/\/henriksundstrom.se\" rel=\"cc:attributionURL\">Henrik Sundstr\u00f6m<\/a> \u00e4r licensierat under en <a href=\"http:\/\/creativecommons.org\/licenses\/by-sa\/3.0\/deed.sv\" rel=\"license\">Creative Commons Erk\u00e4nnande-DelaLika 3.0 Unported-licens<\/a>. \u00d6vrigt material \u00e4r respektive upphovsr\u00e4ttsinnehavares.<br \/>\nKul om du vill anv\u00e4nda n\u00e5got material, men f\u00f6lj licensen och\u00a0<a href=\"http:\/\/henriksundstrom.se\/blog\/om\/\">fr\u00e5ga g\u00e4rna f\u00f6rst<\/a>, s\u00e5 blir jag glad.<\/p>\n","protected":false},"excerpt":{"rendered":"<p>Detta \u00e4r Henrik Sundstr\u00f6ms personliga webbplats med lite tankar, bilder eller nyheter som uppdateras sporadiskt. Kommentera g\u00e4rna om du vill. Ta inte allt s\u00e5 allvarligt min v\u00e4n. Sidans inneh\u00e5ll \u00e4r i konstn\u00e4rligt och journalistiskt \u00e4ndam\u00e5l i enlighet med SFS 1998:204. &hellip; <a href=\"https:\/\/henriksundstrom.se\/blog\/om\/\">Forts\u00e4tt l\u00e4sa <span class=\"meta-nav\">&rarr;<\/span><\/a><\/p>\n","protected":false},"author":1,"featured_media":0,"parent":0,"menu_order":0,"comment_status":"closed","ping_status":"closed","template":"","meta":{"footnotes":"","_links_to":"","_links_to_target":""},"class_list":["post-3632","page","type-page","status-publish","hentry"],"_links":{"self":[{"href":"https:\/\/henriksundstrom.se\/blog\/wp-json\/wp\/v2\/pages\/3632","targetHints":{"allow":["GET"]}}],"collection":[{"href":"https:\/\/henriksundstrom.se\/blog\/wp-json\/wp\/v2\/pages"}],"about":[{"href":"https:\/\/henriksundstrom.se\/blog\/wp-json\/wp\/v2\/types\/page"}],"author":[{"embeddable":true,"href":"https:\/\/henriksundstrom.se\/blog\/wp-json\/wp\/v2\/users\/1"}],"replies":[{"embeddable":true,"href":"https:\/\/henriksundstrom.se\/blog\/wp-json\/wp\/v2\/comments?post=3632"}],"version-history":[{"count":34,"href":"https:\/\/henriksundstrom.se\/blog\/wp-json\/wp\/v2\/pages\/3632\/revisions"}],"predecessor-version":[{"id":6051,"href":"https:\/\/henriksundstrom.se\/blog\/wp-json\/wp\/v2\/pages\/3632\/revisions\/6051"}],"wp:attachment":[{"href":"https:\/\/henriksundstrom.se\/blog\/wp-json\/wp\/v2\/media?parent=3632"}],"curies":[{"name":"wp","href":"https:\/\/api.w.org\/{rel}","templated":true}]}}