{"id":5799,"date":"2014-04-13T10:12:28","date_gmt":"2014-04-13T08:12:28","guid":{"rendered":"http:\/\/henriksundstrom.se\/blog\/cookie-policy\/"},"modified":"2018-02-06T11:01:36","modified_gmt":"2018-02-06T09:01:36","slug":"cookie-policy","status":"publish","type":"page","link":"https:\/\/henriksundstrom.se\/blog\/cookie-policy\/","title":{"rendered":"Kakor"},"content":{"rendered":"<p>Denna webbplats anv\u00e4nder kakor (cookies) f\u00f6r att ge bes\u00f6kare en b\u00e4ttre upplevelse, genom att ge st\u00f6d till att\u00a0f\u00f6rb\u00e4ttra webbplatsens funktioner, inneh\u00e5ll och prestanda.<\/p>\n<p>Om du inte vill acceptera kakor kan du g\u00f6ra inst\u00e4llningar i din webbl\u00e4sare f\u00f6r att f\u00f6rhindra detta. Ett annat alternativ \u00e4r att inte alls anv\u00e4nda denna webbplats.<\/p>\n<p>H\u00e4r nedan \u00e4r en tabell med kakor som webbplatsen anv\u00e4nder.<\/p>\n<table class=\"cookies wide-fat\"><thead><tr><td>Cookie Name<\/td><td>Cookie Category<\/td><td>Description<\/td><td>Duration<\/td><\/tr><\/thead><tr><td>wordpress_<\/td><td>2<\/td><td>WordPress cookie for a logged in user.<\/td><td>session<\/td><\/tr><tr><td>wordpress_logged_in_<\/td><td>2<\/td><td>WordPress cookie for a logged in user<\/td><td>session<\/td><\/tr><tr><td>wordpress_test_<\/td><td>2<\/td><td>WordPress cookie for a logged in user<\/td><td>session<\/td><\/tr><tr><td>wordpress_test_cookie<\/td><td>2<\/td><td>WordPress test cookie<\/td><td>session<\/td><\/tr><tr><td>wp-settings-<\/td><td>1<\/td><td>Wordpress also sets a few wp-settings-[UID] cookies.\nThe number on the end is your individual user ID from the users database table. \nThis is used to customize your view of admin interface, and possibly also the main site interface. \n<\/td><td>1 year<\/td><\/tr><tr><td>wp-settings-time-<\/td><td>2<\/td><td>Wordpress also sets a few wp-settings-{time}-[UID] cookies. The number on the end is your individual user ID from the users database table. This is used to customize your view of admin interface, and possibly also the main site interface.\n<\/td><td>1 year<\/td><\/tr><tr><td>PHPSESSID<\/td><td>1<\/td><td>To identify your unique session on the website<\/td><td>session<\/td><\/tr><tr><td>SESS<\/td><td>1<\/td><td>To ensure that you are recognised when you move from page to page within the site and that any information you have entered is remembered.<\/td><td>session<\/td><\/tr><\/table>\n<p><span style=\"line-height: 1.714285714; font-size: 1rem;\">L\u00e4s mer om kaklagen <\/span><a style=\"line-height: 1.714285714; font-size: 1rem;\" href=\"http:\/\/www.pts.se\/sv\/Bransch\/Regler\/Lagar\/Lag-om-elektronisk-kommunikation\/\">h\u00e4r<\/a><span style=\"line-height: 1.714285714; font-size: 1rem;\">.<\/span><\/p>\n<p>&nbsp;<\/p>\n","protected":false},"excerpt":{"rendered":"<p>Denna webbplats anv\u00e4nder kakor (cookies) f\u00f6r att ge bes\u00f6kare en b\u00e4ttre upplevelse, genom att ge st\u00f6d till att\u00a0f\u00f6rb\u00e4ttra webbplatsens funktioner, inneh\u00e5ll och prestanda. Om du inte vill acceptera kakor kan du g\u00f6ra inst\u00e4llningar i din webbl\u00e4sare f\u00f6r att f\u00f6rhindra detta. &hellip; <a href=\"https:\/\/henriksundstrom.se\/blog\/cookie-policy\/\">Forts\u00e4tt l\u00e4sa <span class=\"meta-nav\">&rarr;<\/span><\/a><\/p>\n","protected":false},"author":1,"featured_media":0,"parent":0,"menu_order":0,"comment_status":"open","ping_status":"open","template":"","meta":{"footnotes":"","_links_to":"","_links_to_target":""},"class_list":["post-5799","page","type-page","status-publish","hentry"],"_links":{"self":[{"href":"https:\/\/henriksundstrom.se\/blog\/wp-json\/wp\/v2\/pages\/5799","targetHints":{"allow":["GET"]}}],"collection":[{"href":"https:\/\/henriksundstrom.se\/blog\/wp-json\/wp\/v2\/pages"}],"about":[{"href":"https:\/\/henriksundstrom.se\/blog\/wp-json\/wp\/v2\/types\/page"}],"author":[{"embeddable":true,"href":"https:\/\/henriksundstrom.se\/blog\/wp-json\/wp\/v2\/users\/1"}],"replies":[{"embeddable":true,"href":"https:\/\/henriksundstrom.se\/blog\/wp-json\/wp\/v2\/comments?post=5799"}],"version-history":[{"count":13,"href":"https:\/\/henriksundstrom.se\/blog\/wp-json\/wp\/v2\/pages\/5799\/revisions"}],"predecessor-version":[{"id":6049,"href":"https:\/\/henriksundstrom.se\/blog\/wp-json\/wp\/v2\/pages\/5799\/revisions\/6049"}],"wp:attachment":[{"href":"https:\/\/henriksundstrom.se\/blog\/wp-json\/wp\/v2\/media?parent=5799"}],"curies":[{"name":"wp","href":"https:\/\/api.w.org\/{rel}","templated":true}]}}